is -15 + 5 - -5 - (-15 + 7 + -3)?
6
Evaluate -6 - (4 + (-5 - -7) - (3 - -3)).
-6
What is the value of 46 + (-30 + 27 - 8)?
35
What is the value of -2 + (-4 - (-6 - -3)) - 8?
-11
What is the value of 0 + -1 + -18 + (4 - 2) + -2?
-19
What is the value of -25 - -64 - (74 + -16)?
-19
What is -13 + (-28 - (-35 - -5))?
-11
What is the value of 8 - (11 - (4 + -2 + -6))?
-7
What is the value of -2 - (1 + -8 + -10 + 3)?
12
What is 32 - ((0 - -9) + 6)?
17
-10 - (-11 - 8) - 20
-11
What is the value of (-2 - 2 - -22) + (-49 - -42)?
11
Evaluate (4 - (20 - (14 + -5))) + (0 - -13).
6
What is the value of 6 - -2 - ((5 - -6) + -6)?
3
6 + -9 + (0 - -11) + -4 + -1
3
-16 + 5 + 0 + 18
7
Calculate (56 - 48 - (-2 + 19)) + 1.
-8
What is the value of 8 - 0 - (-2 + 24 - 25)?
11
(-1 - 1) + -29 + (-3 + 24 - 17)
-27
-2 - ((-22 - -23) + -14 + 0 + 7)
4
Evaluate 8 + (2 - 2) + -13 + 12 + -6.
1
Evaluate 2 + -19 + -344 + 358.
-3
What is -1 + (2 - 5) - 0 - (1 + 0)?
-5
Evaluate -12 - ((-6 - 4 - 2) + 8).
-8
What is -26 + -4 - -30 - (2 + 1 - -1)?
-4
What is 20 + -7 + 25 - 48?
-10
What is the value of 6 + -10 + 10 + -28 - (-4 + -1)?
-17
What is 11 + (76 - 70) + (4 - -2) - 0?
23
What is -9 + 14 + -8 - (7 + 2)?
-12
Calculate 2 + (6 - -17) - 22.
3
What is the value of -4 + (-7 - 7) + 1 + -1 + 4?
-14
What is -7 + 41 + -60 + -1?
-27
-16 + (-5 - (-16 - (2 + -13 - -6)))
-10
Calculate (-24 - 2 - (-47 - -40)) + -3.
-22
Evaluate -140 - -135 - (0 - -14).
-19
Calculate -14 + (6 - -9) - 4.
-3
Evaluate (-16 - -20) + (-1 - (3 + -2 - 1)).
3
What is the value of 5 + 4 - (6 + -12 + (-6 - -11))?
10
What is the value of 14 + 1 + (14 - (-14 + (-10 - -29)))?
24
What is the value of -4 - (37 + -5 - 19)?
-17
What is (-15 - -25) + (4 - 19) + 4 + 1?
0
Evaluate 0 + -10 + (1273 - 1285).
-22
13 + 5 - 30 - -39
27
What is (-9 - -17) + -11 + (3 - 0)?
0
Calculate 15 + (-23 - (13 + -21)).
0
26 + -30 + -5 - 9
-18
(0 - 2) + 4 + 11 + -27 + 11
-3
What is (101 - 117) + (-10 - -2 - 2)?
-26
1 - 8 - (-2 + 17 + -18 - 5)
1
(11 - 13) + 5 + -4
-1
Calculate (-4 - 8) + -2 - (3 - (0 + 4)).
-13
What is the value of -5 - (8 + -1 + -4) - 0?
-8
What is the value of 1 - (-2 - (-3 - -3)) - 4?
-1
Calculate -20 + -40 + 20 - (-11 - 0).
-29
Calculate -4 + (0 - 6) + 0 + 17 + -28.
-21
What is the value of (6 + -3 - (5 + 4)) + 0?
-6
-12 + (-4 + 11 + -34 + 37 - 0)
-2
Evaluate 4 + (-12 - -26) + -7.
11
(-14 - (1 + 0)) + (-21 - -40) + -12
-8
What is the value of -24 - -2 - (427 - 427)?
-22
Calculate 15 + -13 + 6 - (-18 + -20 - -9).
37
Calculate 10 - (3 - -24) - (-3 + -1).
-13
What is the value of (11 + -5 - -6) + -13?
-1
2 - -6 - (29 + -6)
-15
Evaluate (-16 - (-7 + 0 - -14)) + (4 - 1).
-20
Evaluate -79 + 68 - (-9 - 0).
-2
-17 + 55 + -32 - 24
-18
-22 + (9 - 12) + 12 - (-2 - -2)
-13
(5 - 11) + 7 - -2
3
Calculate ((0 - -8) + -5 - -1) + (-7 - -3).
0
What is -5 - 1 - (145 + -138)?
-13
What is the value of 35 + -8 + (-9 - (11 + -36 + 9))?
34
What is -49 - -55 - (1 + 13)?
-8
What is the value of 3 + -13 + 34 + -23?
1
-13 + (-14 + -23 - -64)
14
What is the value of (-2 + -14 - -20) + -5?
-1
Calculate 8 + -8 + -9 + 25.
16
0 + (1 - 1) + (4 - (6 - -2))
-4
What is 2 - (17 + (-9 - -2) + 1)?
-9
-38 + 43 + -27 - -5
-17
Evaluate -23 - ((-7 - (-1 - 0)) + 8 - 8).
-17
What is the value of 12 + -38 - -19 - (2 + -2 + -9)?
2
38 - 51 - (-2 - (2 + -2 - 2))
-13
What is the value of 3 + 5 - ((5 - 8) + -3)?
14
What is -3 - (-3 + 3 + (-4 - 0) + -1)?
2
Calculate 23 - ((14 - -14) + -25).
20
(-14 - (6 - -23)) + (26 - 15)
-32
What is -5 - -5 - (0 - -3) - 8?
-11
What is the value of -21 + (7 - 2) + (136 - 153)?
-33
-12 - (-1 + 10 - 13) - -21
13
What is the value of -10 - (-7 + 2) - (-2 - 7)?
4
Calculate -2 - -7 - (-27 + 51 + -35).
16
Calculate 1 + -3 - (-47 - -51) - (-18 + 3).
9
What is the value of -3 + 1 - (6 - (8 + 5) - -7)?
-2
What is -21 + 0 - ((6 - 4) + -37 + 28)?
-14
What is the value of 3 - (15 + -18) - ((-3 - 0) + 30)?
-21
What is the value of -21 - (-16 + -6 - -15)?
-14
What is the value of 4 - (6 + -8 + 12) - 6?
-12
Evaluate 2 + 7 + -42 + 37.
4
What is the value of -11 + 32 + -26 - -22?
17
(-20 - (-2 + 1)) + -138 + 141
-16
What is the value of (8 - 15) + 24 - 2?
15
What is -1445 + 1443 + (8 - (-2 - -1))?
7
What is 39 + -40 + 2 + -5?
-4
12 - -1 - (60 - 46)
-1
Calculate 3 + (10 - (0 + 8 - (-6 + 11))).
10
What is the value of -30 - 17 - (-13 + -2) - -13?
-19
Calculate -48 + (61 - 37) - -29.
5
What is (0 + -2 - 5) + 18 + -41 + 54?
24
What is the value of (-2 - -3) + 0 + -8 - -2?
-5
Calculate (-6 - -12) + (-8 - (-3 + 10 + -16)).
7
(10 - -2) + (-5 - (-5 - (-9 + 3)))
6
-1 + 3 + (58 + -35 - 25) + 26
26
What is the value of (31 - (7 - -5)) + -6 + 2 + 0?
15
Evaluate (-51 - -48) + (-2 + 7 - -16).
18
What is the value of 14 + 18 + -20 - (5 + 2) - -2?
7
What is 18 - ((2 - 5) + 5) - 4?
12
What is -10 + (-10 - 3) + 10?
-13
Calculate 14 - (5 + -6 + 18).
-3
What is the value of 1 + 2 + 2 + -20 + (6 - -6)?
-3
What is -2 - (-19 + 3 - (-1 - (10 - 16)))?
19
What is 7 + (-7 - (7 - 8)) - 5?
-4
What is 31 - (-8 + (-18 - (0 - 27)))?
30
-19 - 4 - (25 + -63 + 34)
-19
Calculate (-8 - (-9 - 12)) + -2 + 0 + -6.
5
Calculate -1 + -1 + -2 + -8 + 12.
0
Evaluate 22 + -44 + (7 - (0 + -4)).
-11
Calculate (-37 - -27) + (1 - -8).
-1
Evaluate 2 + -6 + (3 - (-2 + -1)).
2
What is 15 + (-32 - -14) + -5 - (5 - -2)?
-15
Evaluate (16 - 45) + 10 + 47.
28
Evaluate -8 + (-8 - 0 - 3) + 20.
1
-8 - 4 - -9 - (-2 + 20) - -5
-16
What is the value of (7 - -1 - -8) + -24?
-8
What is the value of -2 - (-24 + 10 - (-13 - -2))?
1
What is -7 + 6 + (-4 - (-2 + -11)) - 0?
8
What is -8 + (1 - -5) + -5?
-7
Evaluate (-5 - (-2 - 0)) + (15 - 14 - 10).
-12
-16 + -4 + 3 - (1 + -7)
-11
Calculate (0 - -3 - 3) + 3 + -206 + 222.
19
What is the value of (-4 - (-1 - -8)) + 10 + -19?
-20
What is (-7 + (-7 - -6) - -1) + (1 - 2)?
-8
-32 - ((-26 - (-1 - (-7 - -13))) + 10)
-23
Calculate -12 + (0 - 6 - (-18 - -4)).
-4
Evaluate (-6 + -5 - -4) + -5 + 7.
-5
Evaluate (-84 - -80) + (1 - -11) - (-6 + -1).
15
Evaluate 3 + 4 + -16 - -1.
-8
Calculate (5 + -20 - -6) + 15 - -1.
7
Evaluate 27 - (3 + 33) - (-2 - 26).
19
What is 14 - ((39 - 15) + -6)?
-4
What is the value of 22 - 43 - (-6 - -2)?
-17
What is 16 - -1 - (-11 - -10 - (-5 - 3))?
10
What is 18 + 10 + -20 + 8 - 6?
10
What is the value of (16 - 11 - 0) + -1 + 11?
15
What is (28 - 23) + (3 - (-3 + -20 + 7))?
24
Calculate (-11 - 0) + -20 + (26 - -3) - 4.
-6
2 - 2 - 8 - (57 + -74)
9
What is the value of 49 + -71 + 20 - (-16 + 3)?
11
What is the value of 4 + ((7 - 1) + 5 - -21)?
36
Evaluate -1 - (-16 + -4 + (51 - 39)).
7
Evaluate (9 + -18 - 7) + 16.
0
Evaluate 0 + -2 - (20 - (-8 + 54)).
24
What is -20 + 21 + (-1 - -13 - 0 - 3)?
10
-31 - -17 - -9 - (15 + -15)
-5
2 - (-1 + -8 - (-2 - 7))
2
What is 1 + (14 - 8) - -7 - 7?
7
-16 - ((12 - -15) + -40)
-3
What is -36 - (-8 + -5) - (30 + -43)?
-10
1 - (-4 + 2 - -11) - -8
0
(18 - 5 - 5) + -14
-6
Calculate -19 + (7 - 4) + 8 + -12.
-20
What is the value of (-4 - (4 + -3)) + (29 - 24) - 16?
-16
Evaluate (-4 - (4 - 12 - -4)) + 1.
1
Calculate 9 - (4 - -25) - -32.
12
What is the value of (7 + 3 - 1) + -5?
4
What is -1 + -5 + 0 - (-11 + 9)?
-4
18 - (17 - 20 - -18)
3
Calculate 4 - (-15 + 18) - (-7 + 7).
1
What is 8 + -2 + (10 - (30 - -3)) + -1?
-18
What is the value of 7 + -23 - (-8 - -2)?
-10
Evaluate 8 + -19 - (-15 - -13 - -7).
-16
Calculate (-11 + 1 - (-10 - -6)) + -5.
-11
-12 + -15 + 18 + 25
16
What is (2 - 5) + 162 + -139?
20
What is the value of -13 - -2 - (87 + -97)?
-1
-3 + 26 + -4 - 14
5
Calculate 0 - -7 - (-109 + 107).
9
What is -4 - -49 - (-65 - -85)?
25
Evaluate 6 - (51 + -35 - (7 + 35)).
32
What is the value of -19 + (17 - (-20 - -9)) + 23?
32
-2 + -1 + 4 + -3 + 6 + -9
-5
(1 + 27 - 21) + (0 - -7) - 3
11
Calculate (-12 - (-6 + 2)) + (-1 - -3) + 1.
-5
Calculate -5246 - -5222 - (-2 - (0 + 1 - 4)).
-25
What is the value of 20 - (23 + 2 - -10)?
-15
(-21 + 0 - (-31 + 25)) + 10
-5
-18 - (14 - -3 - 28)
-7
Calculate (16 + -30 - -19) + -6.
-1
0 + -18 - (14 - (-21 - (-26 + -11)))
-16
Evaluate -12 + 12 + -36 - -17.
-19
What is -3 - -1 - (37 + (-4 - 25))?
-10
1 - (-14 - -16) - -1
0
7 + -18 + 8 + -2
-5
What is the value of (-12 - -13 - 10) + 6?
-3
Evaluate -13 + (-382 - -392 - (12 + -1)).
-14
What is (53 - 48) + -2 + -1 + -8 - -6?
0
What is the value of -12 - (-20 - 5 - 1